o**2 + 4*o + 2. Let v be c(-2). Calculate the highest common divisor of u and v.
1
Let h = -2665 - -2917. Suppose 3*w = -0*w + 18. Let j be 218/6 - 2/w. Calculate the greatest common divisor of h and j.
36
Suppose 15*y = -36 + 36. Suppose y = -4*h - 2 + 30. What is the greatest common factor of h and 21?
7
Let w = -36117 - -36258. Calculate the highest common factor of 240 and w.
3
Let r be -24*(23541/(-1140) - 1/10). What is the highest common factor of r and 30?
6
Let r(j) = -j**2 + 12*j - 7. Let a = 10 + 0. Let d be r(a). Suppose 2*n = 5*y + d + 2, 0 = 3*n - 2*y - 39. What is the highest common divisor of 5 and n?
5
Let y be 6/5*10/(-20)*-275. What is the highest common factor of 30 and y?
15
Let b be 27/4 - (-3)/12. Let o = -5 + b. Let k be 5/2*2944/230. What is the highest common divisor of k and o?
2
Suppose -2*x = -10, -12*f + 6*x + 3315 = 9*x. Calculate the greatest common divisor of f and 660.
55
Suppose 0 = -10*d - 43 + 53. Let z be 20/((-688)/(-168) + d*-4). What is the highest common divisor of z and 35?
35
Let i be 3 - 3*344/12. Let j = -157 - i. Let u = j - -84. Calculate the greatest common factor of u and 10.
10
Let p = -14 - -69. Let o(b) = b**2 + 6*b - 5. Let v be 2 - (-3 - (-1*4 - -1)). Let f be o(v). Calculate the highest common factor of f and p.
11
Let l be (-3339)/((-45)/5)*5. Calculate the highest common factor of l and 70.
35
Suppose 0*g - 4*q = 4*g - 316, 5*g - 3*q - 403 = 0. Let f = g + -16. Suppose -146 = -5*u + 334. Calculate the greatest common divisor of u and f.
32
Let j(n) = -4*n**2 + 19*n - 17. Let q be j(8). Let d = 285 - q. What is the highest common divisor of 14 and d?
14
Let i = -13 - -3. Let r be (28/i)/(9/(-180)). Let a be 1/((-1)/126)*(-226)/339. Calculate the greatest common factor of r and a.
28
Suppose -5*w = p - 4492 + 989, 2*w + 3503 = p. What is the greatest common divisor of 113 and p?
113
Let f(g) = -2 + 4225*g + 2*g**3 - 19*g**3 - 2*g**2 - 4228*g. Let k = 0 + -1. Let n be f(k). What is the greatest common factor of 48 and n?
16
Suppose -5*n - 3 = -4*n. Let m be n/(-27) + 772/18. Let b = 69 - m. What is the greatest common factor of 26 and b?
26
Let p = -558 - -604. Suppose -3 = y + 3*d + 8, -y - 2*d - 8 = 0. Let k = p + y. What is the highest common factor of 55 and k?
11
Let u be (-11)/(99/(-6)) + 393/(-9). Let i be (-4822)/(-8) - u/172. Calculate the highest common factor of 67 and i.
67
Let k be (208/(-24) - -8)/(2/(-9)). Let h = 15 + -3. What is the greatest common divisor of h and k?
3
Let j(b) = b**2 + 5*b + 3. Let r be j(-6). Suppose -9 = 7*l + 68. Let t be (l - 7) + 15 + 102 + 0. What is the highest common factor of r and t?
9
Suppose 15 + 5 = -5*u. Let i(t) = -3*t**3 + t + 8. Let h be i(4). Let c be 1/(5*u/h). Calculate the highest common factor of 9 and c.
9
Suppose 261*a - 1929440 = -139*a + 11*a. Calculate the greatest common factor of 400 and a.
80
Let b = -156 + 193. Let u be 4*b + (6 + -4)*2. What is the highest common divisor of 38 and u?
38
Suppose -3*l = 5*s - 105157, 218*s - 221*s + 3*l = -63075. Calculate the greatest common divisor of 17 and s.
17
Suppose -9*b + 5*c + 12816 = -6*b, -2*c + 4250 = b. Calculate the greatest common divisor of b and 2.
2
Let k be 10*248/(-100)*(-10)/4. What is the greatest common factor of k and 527?
31
Suppose 32*i + 4*f - 16 = 29*i, -5*i + 2*f = 8. Let p be (-1 + 1 + 1)*(2 + i). Calculate the greatest common factor of p and 22.
2
Let i = 4939 + -4918. Let h(a) = -a**3 + 11*a**2 + a + 10. Let m be h(11). Calculate the highest common divisor of i and m.
21
Let y be (1616/16 - 24) + 0*(-2)/4. Let j = -42 + 97. What is the greatest common factor of y and j?
11
Let w be (1380/(-300))/((-1)/(-5)*2)*-2. Calculate the highest common divisor of w and 10534.
23
Suppose -474 = -10*q + 7*q. Suppose 318 - q = 5*p. What is the greatest common divisor of 544 and p?
32
Let p be (-4)/(-10) + (-432)/30 + 0. Let n be (-684)/(-42) - (-4)/p. Calculate the highest common factor of n and 28.
4
Let h be (3616/(-20))/((-6)/30*2). What is the highest common factor of 2147 and h?
113
Let v be (378 + 23 + -18)*49. Calculate the highest common divisor of 49 and v.
49
Let i(v) = -v**3 - 12*v**2 + 98*v + 85. Let p be i(-23). Calculate the highest common factor of 219 and p.
73
Suppose l = 6*l + 3*w - 6209, 5*w = 15. Suppose -106*a - 415 = -n - 105*a, -3*n + 2*a + l = 0. What is the highest common factor of n and 246?
82
Let d be ((-666)/(-15))/(4/50). Let x = d - 548. What is the highest common factor of x and 1?
1
Let q = 86 + -136. Let c = 52 + q. Let m be (2/(-8))/(c/(-8)). Calculate the highest common divisor of m and 3.
1
Suppose 0 = -n - 4*f + 5, 82*n + 20 = 86*n - 4*f. What is the highest common factor of n and 1145?
5
Suppose 16 = 8*d - 16. Suppose 57 + 113 = 2*p + 2*j, -3*j + 335 = d*p. What is the highest common divisor of p and 200?
40
Let g be 2982/231*11 - -14. What is the highest common divisor of g and 6396?
156
Let j = 148 + -145. Suppose 3*y = -h + 385, j*y + 5 = 2*y. What is the highest common divisor of h and 16?
16
Let h = -25736 - -25764. Calculate the greatest common divisor of 11158 and h.
14
Let z = 48 - 24. Let n = 667 - 475. What is the highest common divisor of z and n?
24
Suppose 0 = -2*i - 6, 0 = 4*d - d - 3*i + 3. Let j be d/10 - (216/(-15) - 0). Suppose -10*v - 910 = -23*v. Calculate the highest common factor of j and v.
14
Suppose 0 = -3807*m + 3792*m + 4620. What is the greatest common divisor of m and 5390?
154
Suppose 4*v + 286 - 1146 = 0. Let s be 3 + 6/20*820/123. What is the greatest common factor of s and v?
5
Let b be 3 + -1 + 21 + 5 + -8. Calculate the highest common factor of 180 and b.
20
Let t(d) = -d**3 + 8*d**2 + 4*d - 4. Let b be t(8). Suppose -b - 24 = -2*s. Let v be (-520)/2*1256/(-1570). Calculate the highest common divisor of s and v.
26
Suppose -3*f = t - 8, 2*t - 31 = f - 4*f. What is the greatest common divisor of 92 and t?
23
Suppose 96 = 14*i + 10*i. Let n(k) = 3*k**2 - 3*k - 8. Let q be n(i). What is the highest common factor of 7 and q?
7
Suppose -30384 - 15126 = -47*t - 199*t. What is the highest common divisor of t and 170?
5
Suppose -3*c = -g - 2*c + 12, -c = -5*g + 72. Let n be (-6)/g + (-86)/10. Let m be 4/(-6) - (-2 - (-105)/n). What is the highest common divisor of 117 and m?
13
Let p be 44 - (3 - 2 - -1). Let f(d) = 45 - 3906*d**2 + d**3 + 31*d + 27*d + 3938*d**2. Let b be f(-30). What is the highest common factor of b and p?
21
Suppose 0*u + 4*u - 120 = 0. Let h be (-4)/((-216)/40 + 5)*(-3)/(-5). What is the greatest common divisor of u and h?
6
Let k = 411 - 411. Suppose 21*i - 46*i + 1825 = k. What is the highest common divisor of 1241 and i?
73
Let i = -40853 - -41918. What is the highest common divisor of i and 30?
15
Let p(x) = x**3 + 4*x**2 + x - 3. Let i be p(-2). Let r(z) = 32*z - 16. Let m be r(i). Calculate the highest common factor of 64 and m.
16
Let w(y) = y**3 + 9*y**2 + 8*y - 1. Let s be w(-8). Let a be (-672)/(-14) - (s + 4). Calculate the greatest common factor of 72 and a.
9
Let g(a) be the second derivative of -2*a**3/3 - 49*a**2/2 - 72*a + 2. Let z be g(-13). What is the highest common factor of 96 and z?
3
Let m = -21924 + 28390. Calculate the highest common factor of 212 and m.
106
Let k(n) = n**2 - 1151*n - 18648. Let a be k(-16). Let c be -58*(0 + 1)*-12. Calculate the highest common divisor of c and a.
24
Let s(l) = 7*l + 61. Let a(f) = 3*f + 30. Let z(p) = -5*a(p) + 3*s(p). Let b be z(-5). Suppose u + 38 = b*u. What is the highest common divisor of 133 and u?
19
Let b be 48*1*(-50)/(-15). Calculate the highest common factor of 224 and b.
32
Let r(w) be the third derivative of -w**5/30 + w**4/12 + w**3 - 111*w**2. Suppose 2*j = -3*j. Let i be r(j). What is the greatest common factor of i and 102?
6
Let c(z) be the third derivative of -z**5/60 + z**4/8 - 7*z**3/6 + 9*z**2. Let b be c(-11). Let f = -109 - b. What is the greatest common factor of 13 and f?
13
Let j be ((-112)/(-14) + 24)*3/6. Let c be -1 + -1 + 306/1. Calculate the greatest common factor of j and c.
16
Let y = 55 + 25. Let v be 86/((-3)/(-10)*y/192). What is the greatest common divisor of v and 16?
16
Let t be 6*39*((-12)/(-14) - 4386/(-1204)). What is the highest common divisor of 741 and t?
39
Let s be (14/(-2) 